{"id":1262,"date":"2022-06-15T13:46:32","date_gmt":"2022-06-15T16:46:32","guid":{"rendered":"https:\/\/semearcrp.ufv.br\/?page_id=1262"},"modified":"2026-04-22T21:27:13","modified_gmt":"2026-04-23T00:27:13","slug":"menu01","status":"publish","type":"page","link":"https:\/\/semearcrp.ufv.br\/?page_id=1262","title":{"rendered":"Programa\u00e7\u00e3o Geral"},"content":{"rendered":"\n<p>A IV SEMEAR contar\u00e1 com cursos, palestras e outras diversas atividades culturais e extensionistas, sendo realizada em uma ampla estrutura, incluindo \u00e1rea para estandes e pra\u00e7a de alimenta\u00e7\u00e3o.<\/p>\n\n\n\n<figure class=\"wp-block-image size-large\"><a href=\"https:\/\/semearcrp.ufv.br\/wp-content\/uploads\/2026\/04\/Programacao-SEMEAR-2026-1-scaled.png\"><img loading=\"lazy\" decoding=\"async\" width=\"724\" height=\"1024\" src=\"https:\/\/semearcrp.ufv.br\/wp-content\/uploads\/2026\/04\/Programacao-SEMEAR-2026-1-724x1024.png\" alt=\"\" class=\"wp-image-3368\" srcset=\"https:\/\/semearcrp.ufv.br\/wp-content\/uploads\/2026\/04\/Programacao-SEMEAR-2026-1-724x1024.png 724w, https:\/\/semearcrp.ufv.br\/wp-content\/uploads\/2026\/04\/Programacao-SEMEAR-2026-1-212x300.png 212w, https:\/\/semearcrp.ufv.br\/wp-content\/uploads\/2026\/04\/Programacao-SEMEAR-2026-1-768x1086.png 768w, https:\/\/semearcrp.ufv.br\/wp-content\/uploads\/2026\/04\/Programacao-SEMEAR-2026-1-1086x1536.png 1086w, https:\/\/semearcrp.ufv.br\/wp-content\/uploads\/2026\/04\/Programacao-SEMEAR-2026-1-1448x2048.png 1448w, https:\/\/semearcrp.ufv.br\/wp-content\/uploads\/2026\/04\/Programacao-SEMEAR-2026-1-scaled.png 1810w\" sizes=\"auto, (max-width: 724px) 100vw, 724px\" \/><\/a><\/figure>\n","protected":false},"excerpt":{"rendered":"<p>A IV SEMEAR contar\u00e1 com cursos, palestras e outras diversas atividades culturais e extensionistas, sendo realizada em uma ampla estrutura, incluindo \u00e1rea para estandes e pra\u00e7a de alimenta\u00e7\u00e3o.<\/p>\n","protected":false},"author":1,"featured_media":0,"parent":0,"menu_order":0,"comment_status":"closed","ping_status":"closed","template":"","meta":{"footnotes":""},"class_list":["post-1262","page","type-page","status-publish","hentry"],"_links":{"self":[{"href":"https:\/\/semearcrp.ufv.br\/index.php?rest_route=\/wp\/v2\/pages\/1262","targetHints":{"allow":["GET"]}}],"collection":[{"href":"https:\/\/semearcrp.ufv.br\/index.php?rest_route=\/wp\/v2\/pages"}],"about":[{"href":"https:\/\/semearcrp.ufv.br\/index.php?rest_route=\/wp\/v2\/types\/page"}],"author":[{"embeddable":true,"href":"https:\/\/semearcrp.ufv.br\/index.php?rest_route=\/wp\/v2\/users\/1"}],"replies":[{"embeddable":true,"href":"https:\/\/semearcrp.ufv.br\/index.php?rest_route=%2Fwp%2Fv2%2Fcomments&post=1262"}],"version-history":[{"count":133,"href":"https:\/\/semearcrp.ufv.br\/index.php?rest_route=\/wp\/v2\/pages\/1262\/revisions"}],"predecessor-version":[{"id":3370,"href":"https:\/\/semearcrp.ufv.br\/index.php?rest_route=\/wp\/v2\/pages\/1262\/revisions\/3370"}],"wp:attachment":[{"href":"https:\/\/semearcrp.ufv.br\/index.php?rest_route=%2Fwp%2Fv2%2Fmedia&parent=1262"}],"curies":[{"name":"wp","href":"https:\/\/api.w.org\/{rel}","templated":true}]}}

Programação Geral

<p>A IV SEMEAR contará com cursos, palestras e outras diversas atividades culturais e extensionistas, sendo realizada em uma ampla estrutura, incluindo área para estandes e praça de alimentação.</p>



<figure class="wp-block-image size-large"><a href="https://semearcrp.ufv.br/wp-content/uploads/2026/04/Programacao-SEMEAR-2026-1-scaled.png"><img loading="lazy" decoding="async" width="724" height="1024" src="https://semearcrp.ufv.br/wp-content/uploads/2026/04/Programacao-SEMEAR-2026-1-724x1024.png" alt="" class="wp-image-3368" srcset="https://semearcrp.ufv.br/wp-content/uploads/2026/04/Programacao-SEMEAR-2026-1-724x1024.png 724w, https://semearcrp.ufv.br/wp-content/uploads/2026/04/Programacao-SEMEAR-2026-1-212x300.png 212w, https://semearcrp.ufv.br/wp-content/uploads/2026/04/Programacao-SEMEAR-2026-1-768x1086.png 768w, https://semearcrp.ufv.br/wp-content/uploads/2026/04/Programacao-SEMEAR-2026-1-1086x1536.png 1086w, https://semearcrp.ufv.br/wp-content/uploads/2026/04/Programacao-SEMEAR-2026-1-1448x2048.png 1448w, https://semearcrp.ufv.br/wp-content/uploads/2026/04/Programacao-SEMEAR-2026-1-scaled.png 1810w" sizes="auto, (max-width: 724px) 100vw, 724px" /></a></figure>

<p>A IV SEMEAR contará com cursos, palestras e outras diversas atividades culturais e extensionistas, sendo realizada em uma ampla estrutura, incluindo área para estandes e praça de alimentação.</p>
